umber?
True
Is 6508805 composite?
True
Is 34305833 composite?
True
Is 2613109 a composite number?
False
Is 1809545 a prime number?
False
Is 1163209 a prime number?
False
Is 4831811 composite?
True
Is 843373 prime?
False
Is 63521 composite?
False
Is 1755319 prime?
True
Is 24335023 prime?
True
Is 47189209 composite?
True
Is 7810889 a composite number?
True
Is 19616173 composite?
False
Is 29592221 a prime number?
True
Is 2180117 composite?
True
Is 2563597 composite?
True
Is 14113243 a composite number?
True
Is 55592791 prime?
True
Is 7363021 composite?
True
Is 346435643 prime?
False
Is 65383273 a prime number?
False
Is 5920241 composite?
False
Is 29477159 a prime number?
True
Is 4075759 prime?
True
Is 4021883 a prime number?
False
Is 3709567 a prime number?
False
Is 9329147 composite?
True
Is 172575037 composite?
False
Is 665767 a prime number?
False
Is 28685771 a composite number?
False
Is 741373 a prime number?
True
Is 60136777 a composite number?
False
Is 141264157 prime?
True
Is 7474673 a prime number?
True
Is 9521113 prime?
False
Is 47682653 a composite number?
False
Is 78860731 a prime number?
False
Is 514645 prime?
False
Is 27732182 a prime number?
False
Is 34214339 a composite number?
False
Is 174832493 composite?
True
Is 3318911 a prime number?
True
Is 304262573 a composite number?
False
Is 1446509 composite?
False
Is 10039613 prime?
False
Is 3006347 composite?
False
Is 210284297 a composite number?
False
Is 31803721 a prime number?
False
Is 4721201 a composite number?
False
Is 15919723 a composite number?
True
Is 2694787 composite?
False
Is 6941873 prime?
True
Is 2973701 composite?
False
Is 199518433 a prime number?
True
Is 104362127 a prime number?
True
Is 126541 a prime number?
True
Is 13308377 composite?
False
Is 21198799 a prime number?
True
Is 1045735 a composite number?
True
Is 116858039 prime?
True
Is 23855179 composite?
True
Is 32060557 composite?
False
Is 1129999987 prime?
True
Is 14619461 composite?
False
Is 6928057 composite?
True
Is 6149489 a composite number?
False
Is 28945667 a prime number?
False
Is 16818317 a prime number?
True
Is 182496359 composite?
False
Is 430568209 a prime number?
True
Is 79034867 a prime number?
False
Is 20104247 a composite number?
True
Is 2517209 a prime number?
False
Is 445667 composite?
True
Is 27586297 composite?
False
Is 14057063 a composite number?
True
Is 132073093 a composite number?
True
Is 23640091 prime?
False
Is 6940979 composite?
True
Is 5776091 a prime number?
True
Is 518181617 a composite number?
True
Is 31510641 prime?
False
Is 1406375995 prime?
False
Is 60714571 a prime number?
True
Is 1147297 prime?
True
Is 22686377 a composite number?
True
Is 31483861 composite?
False
Is 4344997 a composite number?
False
Is 2739511 composite?
True
Is 18007109 a prime number?
False
Is 15943043 a composite number?
False
Is 464063 a composite number?
True
Is 5972999 a composite number?
False
Is 32560135 a composite number?
True
Is 3428101 composite?
True
Is 303648361 a prime number?
True
Is 113689339 a prime number?
True
Is 742186807 prime?
True
Is 1919329 a composite number?
True
Is 376699 a prime number?
True
Is 47752849 a prime number?
True
Is 331673 composite?
True
Is 3918851 composite?
False
Is 13650491 a composite number?
False
Is 115247941 a prime number?
True
Is 2371427 a prime number?
True
Is 7514173 a composite number?
True
Is 111755461 prime?
True
Is 5876111 a composite number?
True
Is 6854399 a composite number?
True
Is 1052550077 prime?
True
Is 244756199 a prime number?
True
Is 466284197 prime?
False
Is 4999427 prime?
True
Is 1803293 prime?
True
Is 2976481 a composite number?
False
Is 7887767 composite?
False
Is 43369699 prime?
True
Is 14611277 prime?
True
Is 33235639 a prime number?
True
Is 124259 composite?
True
Is 623443985 composite?
True
Is 140930627 a prime number?
True
Is 3430327 prime?
False
Is 109368613 a composite number?
True
Is 8246921 a composite number?
True
Is 132248791 a composite number?
False
Is 392321 a prime number?
True
Is 62408167 composite?
False
Is 4197913 composite?
False
Is 7557631 prime?
False
Is 7454995 prime?
False
Is 77479439 prime?
True
Is 2584979 a composite number?
False
Is 211222727 a composite number?
True
Is 76462459 prime?
True
Is 72148397 prime?
False
Is 51723839 a composite number?
False
Is 3129871 a prime number?
False
Is 454476077 prime?
False
Is 2150179 a prime number?
False
Is 25914557 composite?
False
Is 3958627 prime?
True
Is 18873199 prime?
True
Is 2343182171 composite?
True
Is 562314037 a composite number?
True
Is 193182271 a prime number?
False
Is 60183727 prime?
False
Is 992893 a prime number?
False
Is 712680257 a composite number?
False
Is 30239371 a composite number?
True
Is 653558 prime?
False
Is 44760251 a prime number?
True
Is 10566437 prime?
False
Is 41765501 a prime number?
False
Is 4690249 composite?
True
Is 112234609 a composite number?
False
Is 181775239 prime?
True
Is 1518169 a composite number?
True
Is 852773 composite?
True
Is 133685735 composite?
True
Is 2049149 composite?
False
Is 102973373 prime?
True
Is 7219427 composite?
False
Is 411367633 prime?
True
Is 6388379 a composite number?
True
Is 35922721 a prime number?
False
Is 122745493 a composite number?
True
Is 8036191 a composite number?
True
Is 43218071 composite?
True
Is 480654701 a prime number?
False
Is 12360401 a prime number?
True
Is 9121551 a prime number?
False
Is 3136531 a composite number?
False
Is 107374801 a composite number?
False
Is 545087 a composite number?
False
Is 77773 a composite number?
False
Is 3443353 prime?
False
Is 5487977 prime?
False
Is 53167 composite?
True
Is 2021767 a prime number?
False
Is 7778455 prime?
False
Is 741383 prime?
False
Is 322272791 prime?
False
Is 36922201 composite?
True
Is 2732489 a composite number?
False
Is 69946333 prime?
False
Is 6220133 a composite number?
True
Is 509023 prime?
True
Is 31511543 a composite number?
True
Is 3954221 composite?
False
Is 379177 a composite number?
False
Is 124749813 prime?
False
Is 149221369 prime?
False
Is 22278682 a composite number?
True
Is 414294541 composite?
False
Is 10305727 prime?
False
Is 90923377 composite?
True
Is 1131473 a prime number?
False
Is 79318347 composite?
True
Is 330370319 a prime number?
True
Is 92683673 prime?
True
Is 391609111 prime?
True
Is 67675481 a composite number?
True
Is 17065549 a composite number?
False
Is 252929441 a prime number?
True
Is 1476379 a composite number?
False
Is 9883273 a prime number?
False
Is 3203061 composite?
True
Is 21912931 prime?
True
Is 309315443 a composite number?
True
Is 41613839 a prime number?
True
Is 371083 composite?
False
Is 115305461 a composite number?
True
Is 288912985 composite?
True
Is 224375951 a prime number?
True
Is 87964601 a prime number?
True
Is 272964841 composite?
True
Is 342956569 a composite number?
False
Is 215730413 a composite number?
False
Is 522139 composite?
True
Is 11250637 prime?
False
Is 98782 prime?
False
Is 3395251 prime?
False
Is 5298323 a composite number?
False
Is 13052713 a prime number?
True
Is 140175041 prime?
False
Is 17215673 a prime number?
True
Is 254764645 a composite number?
True
Is 30484409 a composite number?
True
Is 14083039 a prime number?
True
Is 9537991 prime?
False
Is 158897573 composite?
True
Is 2239639 a composite number?
False
Is 30285149 a composite number?
True
Is 33788303 prime?
True
Is 82339 a composite number?
False
Is 19645753 prime?
False
Is 112966466 a prime number?
False
Is 2327674853 composite?
True
Is 24848641 a composite number?
True
Is 33211891 prime?
True
Is 50428387 composite?
True
Is 1547695 a prime number?
False
Is 7330831 composite?
False
Is 28879957 composite?
True
Is 25060007 composite?
True
Is 60204497 composite?
True
Is 1198511 composite?
False
Is 21743839 a composite number?
True
Is 3921367 a composite number?
False
Is 2679031 a composite number?
False
Is 18779977 a composite number?
False
Is 101803413 composite?
True
Is 39152341 a prime number?
False
Is 5355601 a composite number?
True
Is 52471337 prime?
True
Is 12825257 a prime number?
False
Is 28766333 composite?
True
Is 215302013 a composite number?
True
Is 22787305 a prime number?
False
Is 1361447069 a prime number?
True
Is 7995047 a composite number?
False
Is 1819481 a composite number?
False
Is 5